1. Let w(g) = -g**2 - 5*g - 2. Let a be w(-6). Let i = a - o. What is the greatest common factor of 10 and i?
2
Suppose -2*m = 2*a - 18, -43 = -5*m - 10*a + 6*a. What is the greatest common divisor of m and 287?
7
Let u be 20/16 - 2/8. Let c be u/(3 - 8/3). Suppose 0 = -4*d + 3*d + c*n + 9, 0 = d - 4*n - 9. Calculate the greatest common divisor of 1 and d.
1
Let k = 56 - 54. Suppose 28 = o + o. What is the highest common factor of o and k?
2
Let i = -5 + 3. Let p be 8/6*(-3)/i. Suppose -4*w = -2*r + 67 + 37, -p*w - 220 = -5*r. Calculate the highest common factor of r and 6.
6
Let h = -73 - -145. What is the highest common divisor of 9 and h?
9
Let p = 134 + -85. Calculate the greatest common divisor of p and 49.
49
Let k(p) = -2*p - 20. Suppose 0 = 4*g - 4*l - 16, -2*g - 5*l = -7 - 8. Let j be k(g). Let o = -14 - j. What is the greatest common divisor of 2 and o?
2
Let f be ((-9)/6)/((-3)/8). What is the highest common divisor of f and 6?
2
Let d = -1 + 2. Let f be 9 - d/(2/4). Suppose -2*a - a + 147 = -5*w, 0 = -4*w. Calculate the greatest common factor of a and f.
7
Let z be ((-2)/(-8))/((-97)/(-379852)). What is the highest common divisor of z and 178?
89
Let r(v) = v - 8. Let g be r(12). Suppose -5*a = 2*w - 0*w - 61, -w = -g*a + 41. What is the greatest common factor of a and 1?
1
Suppose -3397 = -9*d + 2867. What is the greatest common factor of 87 and d?
87
Let z be ((-14)/(-7))/((-4)/(-14)). Let r = 6 + z. Calculate the greatest common divisor of 117 and r.
13
Let r = -55 + 125. Suppose 35 = o + 5*y, 5*o - r = 2*y - 6*y. Suppose 2*s = s + 2*u + o, -5*s + 14 = 2*u. What is the highest common divisor of s and 6?
2
Suppose 115*b - 131*b + 20304 = 0. Calculate the greatest common factor of b and 27.
27
Let r(g) = -g**3 - 6*g**2 - 5*g - 2. Let l be r(-4). Let a = -14 - l. Suppose a = 3*j - j - 8. Calculate the greatest common divisor of 6 and j.
2
Let i(c) = 199*c + 1. Let f be i(1). Let b(t) = -t**2 + 7*t + 1. Let s be b(4). Let p be (-2)/s + 3270/130. What is the greatest common factor of f and p?
25
Let s(a) = 10*a**3 - 2*a**2 + a. Let c be s(1). What is the greatest common factor of 72 and c?
9
Suppose 0 = 2*k + 2*x + 30, -6*k - x = -k + 75. Let z be -3*(65/k + -2). What is the highest common divisor of z and 76?
19
Suppose -5*w + 4 = -7*w. Let c = -5 - w. Let d(h) = -4*h - 2. Let s be d(c). Calculate the greatest common divisor of s and 110.
10
Suppose -126 = 3*c - 1356. Calculate the highest common divisor of 10 and c.
10
Let b be -1 - (6/15 - 336/15). Let j = -85 + 57. Let p = -7 - j. Calculate the greatest common divisor of p and b.
21
Let l = 552 + -545. What is the greatest common divisor of l and 112?
7
Let u = -174 - -332. Let r = -3 + u. Suppose 5*m - 491 = -3*d, -4*d - 157 = -3*m + r. What is the highest common factor of 20 and m?
20
Let n be 447/9 + 1 - (-2)/(-3). Suppose -14*j + n = -76. Calculate the greatest common divisor of j and 36.
9
Suppose 0 = a - 3*u - 31, -2 = -4*a + 4*u + 82. What is the highest common divisor of 16 and a?
16
Suppose 4*z + 3 = -g - 0*z, -3*g - z + 35 = 0. Suppose 0 = p - h, 0*p = -5*p + 4*h. Suppose 2*o - 111 - 71 = p. What is the greatest common divisor of g and o?
13
Let r be -5 + (2/6)/((-14)/(-9660)). Calculate the highest common factor of r and 75.
75
Suppose 0 = 14*a - 7*a - 252. Let x = -10 + 22. Calculate the greatest common factor of x and a.
12
Let s = -4 + 1. Let n = 1 - s. Suppose 0 = p - 4*p - 3*b + 207, 348 = 5*p + n*b. Calculate the greatest common factor of p and 18.
18
Let z = 5 - 2. Suppose 2*r - r - 38 = -n, z*n - 130 = 5*r. Let k be n/6*(-12)/(-10). What is the greatest common factor of k and 16?
8
Suppose -27 = -28*b + 25*b. Suppose -4*v + 5*v - b = 0. Calculate the highest common divisor of 18 and v.
9
Let o = 2818 + -596. Calculate the greatest common divisor of 22 and o.
22
Suppose -f = 4, -a - 65 = -5*f - 178. What is the highest common factor of a and 2325?
93
Suppose -2*c - 5*r = -320, -4*c - 11*r + 650 = -6*r. Calculate the greatest common divisor of 66 and c.
33
Let i be (1/3)/(15 - 743/24 - -16). Let u be (0 + 14/3)*12. What is the greatest common factor of i and u?
8
Suppose 16*b - 744 = -24. What is the greatest common factor of 81 and b?
9
Let w(k) = k**2 + 2*k + 5. Let l be w(-4). Calculate the highest common factor of l and 39.
13
Suppose -5*o - 2*r + 41 = 0, 3*r + 51 = 4*o + o. Let x be 2/(-6) - ((-388)/12 + -4). Calculate the greatest common factor of x and o.
9
Let p(i) = 109*i**2 - 12*i + 11. Let r be p(1). What is the greatest common factor of r and 351?
27
Let y(j) = -25*j - 84. Let a be y(-6). Calculate the greatest common factor of a and 110.
22
Let l(c) = -41*c**2 + 3 - 8 + 25*c**2 - 3*c**3 + 2*c**3 - 16*c. Let d be l(-15). Calculate the greatest common divisor of d and 90.
10
Let j(h) = -11*h**2 + 12*h - 15. Let c(k) = -5*k**2 + 6*k - 7. Let g(u) = -7*c(u) + 3*j(u). Let m be g(-4). What is the highest common factor of m and 24?
12
Suppose 2*f + q - 15 = -0*f, -2*q + 2 = 0. Suppose -f*h = -4*h - 204. Let s = -24 + 41. What is the greatest common divisor of s and h?
17
Suppose r = -4*d + 418, 2*d + 3*r - 309 = -95. What is the highest common divisor of d and 676?
52
Let r be (-162)/(-126) + 15/21. Calculate the greatest common factor of r and 187.
1
Suppose -109*q + 73*q = -5796. What is the highest common factor of 28 and q?
7
Let z(m) = -148*m - 6. Let q be z(-1). Suppose -4*a - l + q = -5, 5*l = 15. What is the greatest common divisor of 6 and a?
6
Let q be (16/24)/(8/4320). What is the highest common divisor of q and 90?
90
Let n = -879 + 890. Suppose -5*i + 245 = 5*s, -1 + 108 = 3*s - 5*i. What is the highest common factor of n and s?
11
Let r = 202 + -13. What is the highest common factor of 27 and r?
27
Suppose f - 21 = -2*f. Suppose -2*u = -h - 2, 2*u - 8 = 4*h - 6*h. Suppose -u*m + 18 = -38. What is the highest common divisor of m and f?
7
Suppose 3*x + 0*j + 12 = -5*j, 0 = x + 4*j + 4. Let q be 10/4*x/(-5). Suppose -q*w + 25 = 7. What is the highest common factor of 18 and w?
9
Suppose 3*c = 4*f + 20, 4*f = f + c - 10. Let q be 1 + 50 + 10/f. Calculate the greatest common factor of q and 184.
46
Let c = -1006 + 1201. Calculate the highest common factor of c and 3.
3
Let r(u) be the second derivative of u**3/2 - 7*u**2 - 5*u. Let p be r(8). Suppose 4*x = -x + p. Calculate the highest common divisor of x and 5.
1
Let k(q) = 2*q**2 - 2*q - 1. Let x be k(-1). Suppose o = y - 10, 3*o + 87 = -y + 117. Calculate the highest common divisor of x and y.
3
Suppose 17*v - 14*v - 12 = 0. Let c(n) = -n**3 + 5*n**2 - 5*n + 14. Let t be c(v). Calculate the highest common divisor of 10 and t.
10
Suppose -9*y + 69 = -12. What is the highest common factor of 801 and y?
9
Let g = 72 + 238. Calculate the greatest common factor of g and 20.
10
Suppose -4*q = -16, 4*d + q - 3*q = -8. Suppose 6*j - j + 45 = d. Let x be (j/6)/((-6)/8). What is the greatest common divisor of x and 2?
2
Let j = 118 + -162. Let f = j + 68. What is the greatest common divisor of f and 18?
6
Let p be (-1 - 1)/(11 + -12). Let g be -1*(4 - (p - -1)). Let q be (66/g)/((-5)/5). What is the highest common divisor of q and 6?
6
Let b = -44 - 3. Let r = 55 + b. Calculate the highest common divisor of r and 56.
8
Let c = -1225 - -1225. Suppose -2*j = 3*z + z - 32, -20 = -2*j - z. Let r = j + c. Calculate the greatest common divisor of 32 and r.
8
Let f = 10 - 7. Suppose f*m = 4 - 1. Suppose -4*c - m = -13. What is the greatest common divisor of 1 and c?
1
Let r(n) = -n**2 + 11*n + 26. Let d be r(12). Suppose -15*p + d*p = -11. What is the greatest common factor of p and 11?
11
Let k = -50 - -30. Let p be (-31)/(-4) - 5/k. Suppose 3*f + 52 = 5*f - 4*d, 4*f - 2*d = 74. What is the highest common divisor of f and p?
8
Let g = 101 - 101. Let m be (g - 1) + ((-15)/(-1) - 3). Calculate the highest common divisor of 11 and m.
11
Suppose 0*x + 4*x + 39 = -3*m, -3*x - 4*m - 24 = 0. Let u be (-21)/x*(-6 + 10). Calculate the highest common divisor of u and 28.
7
Suppose -10 = -2*y - 4*a, 11*y - 17 = 6*y - 2*a. Suppose -o + y*m = 30, -o + m - 16 - 18 = 0. Let c = 33 - o. Calculate the greatest common factor of c and 23.
23
Let i = 11 - 1. Let q(l) = -3*l**3 - 10*l**2 - 12*l. Let j be q(-6). Suppose 36*u - 